{"id":7,"date":"2019-04-12T12:26:45","date_gmt":"2019-04-12T10:26:45","guid":{"rendered":"https:\/\/littlebigdesign.fr\/?page_id=7"},"modified":"2024-10-22T13:14:33","modified_gmt":"2024-10-22T11:14:33","slug":"designer-freelance-ux-et-ui-paris","status":"publish","type":"page","link":"https:\/\/littlebigdesign.fr\/","title":{"rendered":"Studio de design UX et UI \u00e0 Paris | Cr\u00e9ation Web &amp; Mobile"},"content":{"rendered":"","protected":false},"excerpt":{"rendered":"","protected":false},"author":2,"featured_media":0,"parent":0,"menu_order":0,"comment_status":"closed","ping_status":"closed","template":"index.php","meta":{"footnotes":""},"class_list":["post-7","page","type-page","status-publish","hentry"],"yoast_head":"<!-- This site is optimized with the Yoast SEO plugin v26.8 - https:\/\/yoast.com\/product\/yoast-seo-wordpress\/ -->\n<title>Designer UX et UI Freelance \u00e0 Paris - Design Web &amp; Mobile<\/title>\n<meta name=\"description\" content=\"Un studio designers UX et UI Freelance \u00e0 Paris, sp\u00e9cialis\u00e9s dans le design de sites web, de plateformes et d&#039;applications web et mobile.\" \/>\n<meta name=\"robots\" content=\"noindex, follow, max-snippet:-1, max-image-preview:large, max-video-preview:-1\" \/>\n<script type=\"application\/ld+json\" class=\"yoast-schema-graph\">{\"@context\":\"https:\/\/schema.org\",\"@graph\":[{\"@type\":\"WebPage\",\"@id\":\"https:\/\/littlebigdesign.fr\/\",\"url\":\"https:\/\/littlebigdesign.fr\/\",\"name\":\"Designer UX et UI Freelance \u00e0 Paris - Design Web & Mobile\",\"isPartOf\":{\"@id\":\"https:\/\/littlebigdesign.fr\/#website\"},\"datePublished\":\"2019-04-12T10:26:45+00:00\",\"dateModified\":\"2024-10-22T11:14:33+00:00\",\"description\":\"Un studio designers UX et UI Freelance \u00e0 Paris, sp\u00e9cialis\u00e9s dans le design de sites web, de plateformes et d'applications web et mobile.\",\"breadcrumb\":{\"@id\":\"https:\/\/littlebigdesign.fr\/#breadcrumb\"},\"inLanguage\":\"fr-FR\",\"potentialAction\":[{\"@type\":\"ReadAction\",\"target\":[\"https:\/\/littlebigdesign.fr\/\"]}]},{\"@type\":\"BreadcrumbList\",\"@id\":\"https:\/\/littlebigdesign.fr\/#breadcrumb\",\"itemListElement\":[{\"@type\":\"ListItem\",\"position\":1,\"name\":\"Accueil\",\"item\":\"https:\/\/littlebigdesign.fr\/\"},{\"@type\":\"ListItem\",\"position\":2,\"name\":\"Studio de design UX et UI \u00e0 Paris | Cr\u00e9ation Web &amp; Mobile\"}]},{\"@type\":\"WebSite\",\"@id\":\"https:\/\/littlebigdesign.fr\/#website\",\"url\":\"https:\/\/littlebigdesign.fr\/\",\"name\":\"Designers UX et UI Freelance \u00e0 Paris | Design Web &amp; Mobile\",\"description\":\"Designers UX et UI Freelance \u00e0 Paris | Design Web &amp; Mobile\",\"publisher\":{\"@id\":\"https:\/\/littlebigdesign.fr\/#organization\"},\"potentialAction\":[{\"@type\":\"SearchAction\",\"target\":{\"@type\":\"EntryPoint\",\"urlTemplate\":\"https:\/\/littlebigdesign.fr\/?s={search_term_string}\"},\"query-input\":{\"@type\":\"PropertyValueSpecification\",\"valueRequired\":true,\"valueName\":\"search_term_string\"}}],\"inLanguage\":\"fr-FR\"},{\"@type\":\"Organization\",\"@id\":\"https:\/\/littlebigdesign.fr\/#organization\",\"name\":\"Little Big Design\",\"url\":\"https:\/\/littlebigdesign.fr\/\",\"logo\":{\"@type\":\"ImageObject\",\"inLanguage\":\"fr-FR\",\"@id\":\"https:\/\/littlebigdesign.fr\/#\/schema\/logo\/image\/\",\"url\":\"https:\/\/littlebigdesign.fr\/wp-content\/uploads\/2019\/12\/fav.png\",\"contentUrl\":\"https:\/\/littlebigdesign.fr\/wp-content\/uploads\/2019\/12\/fav.png\",\"width\":300,\"height\":300,\"caption\":\"Little Big Design\"},\"image\":{\"@id\":\"https:\/\/littlebigdesign.fr\/#\/schema\/logo\/image\/\"}}]}<\/script>\n<!-- \/ Yoast SEO plugin. -->","yoast_head_json":{"title":"Designer UX et UI Freelance \u00e0 Paris - Design Web & Mobile","description":"Un studio designers UX et UI Freelance \u00e0 Paris, sp\u00e9cialis\u00e9s dans le design de sites web, de plateformes et d'applications web et mobile.","robots":{"index":"noindex","follow":"follow","max-snippet":"max-snippet:-1","max-image-preview":"max-image-preview:large","max-video-preview":"max-video-preview:-1"},"schema":{"@context":"https:\/\/schema.org","@graph":[{"@type":"WebPage","@id":"https:\/\/littlebigdesign.fr\/","url":"https:\/\/littlebigdesign.fr\/","name":"Designer UX et UI Freelance \u00e0 Paris - Design Web & Mobile","isPartOf":{"@id":"https:\/\/littlebigdesign.fr\/#website"},"datePublished":"2019-04-12T10:26:45+00:00","dateModified":"2024-10-22T11:14:33+00:00","description":"Un studio designers UX et UI Freelance \u00e0 Paris, sp\u00e9cialis\u00e9s dans le design de sites web, de plateformes et d'applications web et mobile.","breadcrumb":{"@id":"https:\/\/littlebigdesign.fr\/#breadcrumb"},"inLanguage":"fr-FR","potentialAction":[{"@type":"ReadAction","target":["https:\/\/littlebigdesign.fr\/"]}]},{"@type":"BreadcrumbList","@id":"https:\/\/littlebigdesign.fr\/#breadcrumb","itemListElement":[{"@type":"ListItem","position":1,"name":"Accueil","item":"https:\/\/littlebigdesign.fr\/"},{"@type":"ListItem","position":2,"name":"Studio de design UX et UI \u00e0 Paris | Cr\u00e9ation Web &amp; Mobile"}]},{"@type":"WebSite","@id":"https:\/\/littlebigdesign.fr\/#website","url":"https:\/\/littlebigdesign.fr\/","name":"Designers UX et UI Freelance \u00e0 Paris | Design Web &amp; Mobile","description":"Designers UX et UI Freelance \u00e0 Paris | Design Web &amp; Mobile","publisher":{"@id":"https:\/\/littlebigdesign.fr\/#organization"},"potentialAction":[{"@type":"SearchAction","target":{"@type":"EntryPoint","urlTemplate":"https:\/\/littlebigdesign.fr\/?s={search_term_string}"},"query-input":{"@type":"PropertyValueSpecification","valueRequired":true,"valueName":"search_term_string"}}],"inLanguage":"fr-FR"},{"@type":"Organization","@id":"https:\/\/littlebigdesign.fr\/#organization","name":"Little Big Design","url":"https:\/\/littlebigdesign.fr\/","logo":{"@type":"ImageObject","inLanguage":"fr-FR","@id":"https:\/\/littlebigdesign.fr\/#\/schema\/logo\/image\/","url":"https:\/\/littlebigdesign.fr\/wp-content\/uploads\/2019\/12\/fav.png","contentUrl":"https:\/\/littlebigdesign.fr\/wp-content\/uploads\/2019\/12\/fav.png","width":300,"height":300,"caption":"Little Big Design"},"image":{"@id":"https:\/\/littlebigdesign.fr\/#\/schema\/logo\/image\/"}}]}},"_links":{"self":[{"href":"https:\/\/littlebigdesign.fr\/index.php\/wp-json\/wp\/v2\/pages\/7","targetHints":{"allow":["GET"]}}],"collection":[{"href":"https:\/\/littlebigdesign.fr\/index.php\/wp-json\/wp\/v2\/pages"}],"about":[{"href":"https:\/\/littlebigdesign.fr\/index.php\/wp-json\/wp\/v2\/types\/page"}],"author":[{"embeddable":true,"href":"https:\/\/littlebigdesign.fr\/index.php\/wp-json\/wp\/v2\/users\/2"}],"replies":[{"embeddable":true,"href":"https:\/\/littlebigdesign.fr\/index.php\/wp-json\/wp\/v2\/comments?post=7"}],"version-history":[{"count":111,"href":"https:\/\/littlebigdesign.fr\/index.php\/wp-json\/wp\/v2\/pages\/7\/revisions"}],"predecessor-version":[{"id":756,"href":"https:\/\/littlebigdesign.fr\/index.php\/wp-json\/wp\/v2\/pages\/7\/revisions\/756"}],"wp:attachment":[{"href":"https:\/\/littlebigdesign.fr\/index.php\/wp-json\/wp\/v2\/media?parent=7"}],"curies":[{"name":"wp","href":"https:\/\/api.w.org\/{rel}","templated":true}]}}